40253?
-1840158
In base 5, what is 0 + -321422320433?
-321422320433
In base 16, what is -394ba - -517?
-38fa3
In base 8, what is -12333 + 2144?
-10167
In base 5, what is -34 - -104020024011?
104020023422
In base 16, what is 0 + 21730c?
21730c
In base 15, what is 24d - -488e?
4adc
In base 8, what is 125532 + 4045?
131577
In base 5, what is -244204430131 - -2?
-244204430124
In base 7, what is -633246360 - -2?
-633246355
In base 2, what is -101011 + -11011100110110?
-11011101100001
In base 10, what is -1229 + 15498?
14269
In base 12, what is -284 - 177193?
-177457
In base 8, what is -110264 + -7103?
-117367
In base 10, what is -121 - -632876?
632755
In base 7, what is 15442 + 624510?
643252
In base 15, what is -ac0c0 + -24?
-ac0e4
In base 5, what is 10 - 1023323021400?
-1023323021340
In base 3, what is 2001 - 221102220?
-221100212
In base 15, what is -6e - -5684e?
567d0
In base 12, what is 1b + 498097b?
498099a
In base 10, what is -196 - 197903?
-198099
In base 10, what is 58 + 2164278?
2164336
In base 15, what is a3c - 2385?
-1848
In base 9, what is -684620 + 47?
-684562
In base 13, what is -8802 + -376?
-8b78
In base 13, what is 5045a - 93?
50397
In base 15, what is 4 + b24b70?
b24b74
In base 15, what is -3405 - -dad3?
a6cd
In base 5, what is 1213024310423 - -10?
1213024310433
In base 7, what is 11003000 - 1?
11002666
In base 16, what is -358aad - 52?
-358aff
In base 11, what is 90774a + -6?
907744
In base 12, what is -11 - -136336?
136325
In base 3, what is -112111111112121 - -2?
-112111111112112
In base 10, what is 10 - 27210865?
-27210855
In base 11, what is -a06 + 6119?
5213
In base 6, what is -1115423 - 4040?
-1123503
In base 7, what is 1154153336 - 2?
1154153334
In base 4, what is 21031201202312 + -10?
21031201202302
In base 13, what is -1230 + -a5c?
-1c8c
In base 5, what is -1100 + 42211?
41111
In base 7, what is 10 + 12443664?
12444004
In base 12, what is -16804880 + -4?
-16804884
In base 6, what is -3110 - -202303?
155153
In base 9, what is 620 - -4873?
5603
In base 12, what is 2 + -3480905?
-3480903
In base 8, what is -576037 + 246?
-575571
In base 15, what is -32 - 4855e1?
-485623
In base 16, what is 54 - -3fe3a9?
3fe3fd
In base 5, what is 2224311131 + 11?
2224311142
In base 7, what is -1540 - 606126?
-610666
In base 13, what is -2a2b795 - b?
-2a2b7a3
In base 3, what is 11112211221 - 111101?
11112100120
In base 10, what is 208 - -53776?
53984
In base 12, what is -29 + -241366?
-241393
In base 2, what is -100010000011000000 + 1011110?
-100010000001100010
In base 15, what is 4 - 67d74ae?
-67d74aa
In base 7, what is 50 + 1045212414?
1045212464
In base 16, what is -1ca - 262d?
-27f7
In base 5, what is 12341 - -142331?
210222
In base 13, what is c52 - -250?
11a2
In base 4, what is 102201221 + -3303?
102131312
In base 5, what is 2040030 + 332?
2040412
In base 13, what is -6ab06 - -9?
-6aaca
In base 4, what is 2 - -30311232312?
30311232320
In base 11, what is 513 + 2182a?
22242
In base 13, what is -cc + 3b534?
3b435
In base 9, what is 44400 + -38060?
5330
In base 3, what is 2001102002 - 100011?
2001001221
In base 14, what is 453aa4 - -1d?
453ac3
In base 9, what is -36374 - -407?
-35866
In base 16, what is -a9f - 1e01?
-28a0
In base 12, what is 4 - 10257204?
-10257200
In base 4, what is -103032332023111 - 0?
-103032332023111
In base 6, what is 5343433252 + -2?
5343433250
In base 3, what is -1101112111102 + 1022111?
-1101111011221
In base 2, what is -1000101 - 1001001101011101100010?
-1001001101011110100111
In base 15, what is -32bc6c2 - 4?
-32bc6c6
In base 16, what is -4 + fffc77d?
fffc779
In base 10, what is 3848 - 23249?
-19401
In base 6, what is -44 - -15143531?
15143443
In base 12, what is 99657a34 + 0?
99657a34
In base 8, what is 164754 + 4524?
171500
In base 11, what is -6a80 + -82326?
-892a6
In base 9, what is 1643 + 47623?
50366
In base 15, what is -b49ba6 - 5?
-b49bab
In base 13, what is 8 - -2133379?
2133384
In base 9, what is 31 - 3088053?
-3088022
In base 3, what is -1110221111020 - -1?
-1110221111012
In base 5, what is 1424 - -1124122?
1131101
In base 12, what is -4b + 3425?
3396
In base 16, what is -5 + 1b72e4?
1b72df
In base 15, what is 3974247 - -3?
397424a
In base 3, what is -222012 + -21000122?
-21222211
In base 7, what is -21605011 - -12?
-21604666
In base 16, what is f7b4e6 - -23?
f7b509
In base 7, what is 25505044 + 4?
25505051
In base 3, what is -22102 + 1100112001?
1100012122
In base 11, what is 21411 + 285?
21696
In base 12, what is -152410b + 12?
-15240b9
In base 5, what is 311420 + -4003?
302412
In base 14, what is 7108 + ad7?
7c01
In base 13, what is -1c223b58 + -4?
-1c223b5c
In base 16, what is 1e4383 + 2?
1e4385
In base 10, what is 24021 - -10859?
34880
In base 10, what is 23099 - -1703?
24802
In base 11, what is 1a - 68a069a?
-68a0680
In base 8, what is -4 - -31426604?
31426600
In base 16, what is 1b - -78a0?
78bb
In base 16, what is a86 - 4931?
-3eab
In base 15, what is -5 + -1de884b?
-1de8851
In base 2, what is -1010000000011 + 10000110011010100?
1111100011010001
In base 15, what is 172e37 - -b?
172e43
In base 9, what is 34810 - -22512?
57422
In base 9, what is -13 + -118522?
-118535
In base 2, what is 1 + -1111000110001100010?
-1111000110001100001
In base 5, what is -221231243 - 111?
-221231404
In base 9, what is -100 - -132788?
132688
In base 4, what is 3 - 2203101201?
-2203101132
In base 10, what is 124 - 192772?
-192648
In base 7, what is -2461 + -140226?
-143020
In base 7, what is -1502603425 - 10?
-1502603435
In base 16, what is -25f + 1af5?
1896
In base 15, what is -c7e + 1da0?
1121
In base 9, what is -24563 - -512?
-24051
In base 9, what is 1325 - 161786?
-160461
In base 8, what is 16 - -342112720?
342112736
In base 5, what is -201213103 + -13?
-201213121
In base 6, what is -22311311 + -5?
-22311320
In base 2, what is 1001000 - -10000000111111110000?
10000001000000111000
In base 2, what is 1101001001010011011 + -111100?
1101001001001011111
In base 11, what is -9658a + 7aa?
-95890
In base 13, what is -c3b - -290?
-97b
In base 15, what is 27d4918 - -2?
27d491a
In base 10, what is 25852 + -216?
25636
In base 13, what is 5669 + 95b3?
11c4c
In base 12, what is 2 + 1867100?
1867102
In base 12, what is 3843 - -23147?
2698a
In base 4, what is 21210030100313 + -1?
21210030100312
In base 10, what is 0 - 642572?
-642572
In base 16, what is 1e32c4 + -c?
1e32b8
In base 10, what is 2 + 37569907?
37569909
In base 6, what is -12535 + -14430501?
-14443440
In base 9, what is -257 + -7241?
-7508
In base 16, what is 1a0 - -40d5?
4275
In base 11, what is 33502 + 199?
336a0
In base 6, what is 4 + 41320333140?
41320333144
In base 14, what is 15 - 86d20?
-86d09
In base 4, what is 211 + 1031223110231?
1031223111102
In base 7, what is 663 + 1360?
2353
In base 15, what is -66 - -aedc?
ae76
In base 12, what is 4 + -183921?
-183919
In base 15, what is 235c4b6 - -3?
235c4b9
In base 2, what is 11111001101000011110 + 1110110001?
11111001110111001111
In base 15, what is 254c - -3b43?
6190
In base 9, what is 8884524 - -3?
8884527
In base 2, what is -1110100001001011 + 1101111?
-1110011111011100
In base 16, what is 79234 + -2a?
7920a
In base 8, what is 425504120 + 5?
425504125
In base 2, what is 1001 - -10110110010000011110100?
10110110010000011111101
In base 3, what is -2211021 - 212111000?
-222022021
In base 8, what is 16 + -17461053?
-17461035
In base 10, what is 0 + -90756993?
-90756993
In base 13, what is 5 - 261b25?
-261b20
In base 8, what is 4447224 - -10?
4447234
In base 10, what is -23612 + 12729?
-10883
In base 6, what is 12540405144 + -4?
12540405140
In base 13, what is -107021b12 + -2?
-107021b14
In base 8, what is -706 - 2744773?
-2745701
In base 8, what is 5654 + -34347?
-26473
In base 16, what is 27e - -3a105?
3a383
In base 7, what is 14231045 + -1346?
14226366
In base 10, what is -359554048 - -4?
-359554044
In base 8, what is 2201 - -22?
2223
In base 16, what is 9d0a74d + 2?
9d0a74f
In base 11, what is 5 - -111477315?
11147731a
In base 4, what is -23123 + -2101032?
-2130221
In base 4, what is 22302 + -2223103013?
-2223020111
In base 4, what is 101132 - -322322?
1030120
In base 7, what is -106645 - -22316?
-54326
In base 9, what is 11421 - -1477?
13008
In base 12, what is -a + -678a25?
-678a33
In base 6, what is -231